base 9, what is 2 - -21126?
21128
In base 6, what is 52031 - -2?
52033
In base 11, what is -116 - 65?
-180
In base 6, what is 1 - 130122?
-130121
In base 3, what is -10221221212 + -100?
-10221222012
In base 14, what is 3 - -24a993?
24a996
In base 12, what is 5750 + -4?
5748
In base 6, what is -1531134 - -14?
-1531120
In base 12, what is -5 + -2b37?
-2b40
In base 7, what is -3026061 + -2?
-3026063
In base 4, what is -111 - -13333123?
13333012
In base 14, what is 5 + -3941d?
-39418
In base 12, what is 12 - -36a3b?
36a51
In base 13, what is 1c0bb0 + -5?
1c0ba8
In base 8, what is 53752 - 145?
53605
In base 15, what is -8 - 4d95?
-4d9d
In base 5, what is -41204 - 3?
-41212
In base 12, what is -5 + -8154?
-8159
In base 13, what is 4c3 - cc?
3c4
In base 13, what is -7 - 3221?
-3228
In base 13, what is 0 + -47b77?
-47b77
In base 6, what is 540 - -1114?
2054
In base 15, what is -192 + 127d?
10db
In base 3, what is -22 + -11011021?
-11011120
In base 11, what is 5 + 86744?
86749
In base 16, what is 1854a - 4?
18546
In base 11, what is -22 - -3067?
3045
In base 3, what is 221 + -1001202?
-1000211
In base 6, what is -4 + 401345?
401341
In base 2, what is -1000100011110101011 - -110?
-1000100011110100101
In base 16, what is -2dd1 + 5?
-2dcc
In base 5, what is 4 - -2213000?
2213004
In base 4, what is -21001220 + 0?
-21001220
In base 4, what is -11 + 2322033133?
2322033122
In base 9, what is 6 + 2236848?
2236855
In base 7, what is -1610025 + -5?
-1610033
In base 5, what is -1043010 + 1?
-1043004
In base 2, what is 10 + 1111110011001010?
1111110011001100
In base 8, what is -2 + 15356?
15354
In base 7, what is -10 - -4544142?
4544132
In base 16, what is 2 + -12247?
-12245
In base 2, what is -11011000011001 + -111?
-11011000100000
In base 13, what is -279 + -9a?
-346
In base 12, what is -ba30 - 2?
-ba32
In base 8, what is 77226 - 3?
77223
In base 6, what is -3504525 + -34?
-3505003
In base 7, what is -1362 + 3430?
2035
In base 13, what is 541 + -2c5?
249
In base 15, what is 768 - 22?
746
In base 4, what is -213023313 + -103?
-213030022
In base 6, what is 2 + -2400510?
-2400504
In base 9, what is 447767 - -1?
447768
In base 4, what is 2 - 112212012?
-112212010
In base 2, what is -11101100011 + -100?
-11101100111
In base 9, what is 2 + -2457?
-2455
In base 13, what is -2b - b0?
-10b
In base 5, what is 11412 - 101?
11311
In base 4, what is -13032 - -1331?
-11101
In base 12, what is 5b - -106b?
110a
In base 12, what is -1b9b - 3?
-1ba2
In base 10, what is -1972 + 172?
-1800
In base 16, what is 299 + 8e4?
b7d
In base 10, what is -2581 - 19?
-2600
In base 5, what is 10014 + -130204?
-120140
In base 4, what is 3021213 + -3?
3021210
In base 11, what is 3 - 4411?
-4409
In base 8, what is -577045 + 0?
-577045
In base 2, what is -10101000100101 - -10010?
-10101000010011
In base 7, what is 0 + -160006?
-160006
In base 15, what is -1d14 - -8?
-1d0b
In base 3, what is -211020 - 10011022?
-10222112
In base 3, what is 1000002 + 20002?
1020011
In base 5, what is -23331 - 224?
-24110
In base 16, what is -9ec + -8?
-9f4
In base 11, what is 5 + 7542a?
75434
In base 7, what is 236 + -4100?
-3531
In base 9, what is -584 - -14?
-570
In base 9, what is 47 + -28113?
-28055
In base 16, what is -d021 - 4?
-d025
In base 7, what is -12 + -20142?
-20154
In base 11, what is 75 + -8466?
-83a1
In base 7, what is 3534 - 153?
3351
In base 13, what is 9c8 - -23?
a1b
In base 12, what is 3 + -b755?
-b752
In base 4, what is -113231022 - 3?
-113231031
In base 8, what is -10162762 + 5?
-10162755
In base 2, what is -10010001101 - 10111100100?
-101001110001
In base 8, what is 3363 - -67?
3452
In base 2, what is 110001011100100 - -1001010?
110001100101110
In base 9, what is 484 - 3?
481
In base 2, what is -10001010011111000 + -110?
-10001010011111110
In base 6, what is -14 - 2231?
-2245
In base 15, what is -ee020 + -4?
-ee024
In base 10, what is 655 - -1?
656
In base 9, what is 5 + -355756?
-355751
In base 4, what is -11 - -312202230?
312202213
In base 6, what is 0 + 12340325?
12340325
In base 3, what is -11 - 201110122?
-201110210
In base 3, what is -2 + -10000200200?
-10000200202
In base 12, what is -83a - 40?
-87a
In base 16, what is 953b8 + 5?
953bd
In base 14, what is 1a7 - -544?
70b
In base 14, what is -5 - 10db59?
-10db60
In base 3, what is 2021210 - 2201?
2012002
In base 10, what is -15 - 3691?
-3706
In base 10, what is 50 - 1643?
-1593
In base 16, what is -224f + 92?
-21bd
In base 8, what is -2043071 - -1?
-2043070
In base 15, what is -80e6 + -d?
-8104
In base 2, what is 11 + -100000100010111010?
-100000100010110111
In base 9, what is 82 + -1424?
-1332
In base 8, what is 1174663 - -5?
1174670
In base 11, what is 25530 + -1a?
25511
In base 3, what is 11 - 22002011210?
-22002011122
In base 6, what is 304 - -12114?
12422
In base 12, what is -14695b - 0?
-14695b
In base 6, what is 21 + -104324?
-104303
In base 3, what is -10201 - -1212?
-1212
In base 5, what is 11223 + -13?
11210
In base 5, what is 3344241 + 14?
3344310
In base 9, what is 4 + 13648?
13653
In base 3, what is 2 - -121001022022?
121001022101
In base 4, what is -3 + -12323?
-12332
In base 13, what is 3a58 + 3?
3a5b
In base 7, what is 52621 - 33?
52555
In base 9, what is -3 + 242328?
242325
In base 12, what is 5 - -69524?
69529
In base 9, what is -23 + 113464?
113441
In base 3, what is -1022210222 + -2000?
-1022212222
In base 8, what is -11 - 20614?
-20625
In base 8, what is -14747 - -160?
-14567
In base 15, what is -15 + 13ad0?
13aba
In base 15, what is 26 + -2869?
-2843
In base 9, what is 40486 - 2?
40484
In base 14, what is 22597 + 1?
22598
In base 12, what is -1659 - a4?
-1741
In base 12, what is -4a3 + -19b4?
-2297
In base 13, what is 522 + 71?
593
In base 8, what is 15 + 3554?
3571
In base 9, what is 21 + 12610?
12631
In base 4, what is -233313 + 13?
-233300
In base 5, what is -233210 + 10?
-233200
In base 8, what is 10650 + 4?
10654
In base 3, what is -102110021202 + -2?
-102110021211
In base 12, what is 2 + -91?
-8b
In base 13, what is 3 - -1a7?
1aa
In base 5, what is 3 - 10223341?
-10223333
In base 16, what is -4f + -a43?
-a92
In base 10, what is 1103 + -918?
185
In base 4, what is -102212 - -31122?
-11030
In base 11, what is 229 - 234?
-6
In base 6, what is -1 + -54342?
-54343
In base 6, what is -3 - 53001132?
-53001135
In base 14, what is a4006 - 3?
a4003
In base 3, what is 2001221 + -1120122?
111022
In base 2, what is 11 + 111111000110100?
111111000110111
In base 7, what is 20 + -25266?
-25246
In base 15, what is -d14ec2 + 1?
-d14ec1
In base 15, what is bb - -41?
10c
In base 6, what is 3235 + 54?
3333
In base 9, what is -5 + -86024?
-86030
In base 8, what is -46 + -20041?
-20107
In base 12, what is -19a9 + 44?
-1965
In base 6, what is -3401 + 401?
-3000
In base 5, what is 4404 + -1040124?
-1030220
In base 4, what is 23312000 - -11?
23312011
In base 14, what is -1d03a + -4?
-1d040
In base 8, what is 6 - -2034065?
2034073
In base 2, what is -1 + 10010001000010?
10010001000001
In base 8, what is -16234 + 300?
-15734
In base 13, what is -5535b - -7?
-55354
In base 4, what is -1200 - -102213?
101013
In base 3, what is 1200212202 - 10?
1200212122
In base 14, what is -1278 - 5?
-127d
In base 9, what is 5 + -275208?
-275203
In base 9, what is -25 + 2268?
2243
In base 9, what is -758288 - 0?
-758288
In base 13, what is -20719 - -6?
-20713
In base 14, what is d8a3 + 5?
d8a8
In base 14, what is -2425d9 - 5?
-242600
In base 13, what is 9079 + -b?
906b
In base 7, what is 126 - 3510?
-3351
In base 2, what is 100000001001111 + -11011?
100000000110100
In base 10, what is -495 + -19?
-514
In base 10, what is -1 - -10481?
10480
In base 15, what is -2 + a26?
a24
In base 6, what is 4320 - -10300?
15020
In base 10, what is 0 + 2196?
2196
In base 9, what is 2044 + 6?
2051
In base 3, what is 1 + -112221000?
-112220222
In base 8, what is 156420 + 57?
156477
In base 13, what is -2 - 331303?
-331305
In base 12, what is -3a3 + 16?
-389
In base 15, what is 76d1 + -39?
7697
In base 14, what is -1 - 5b5c?
-5b5d
In base 7, what is -21323 - 34?
-21360
In base 5, what is -1 + -1041134?
-1041140
In base 2, what is 100010000100000 + -11?
100010000011101
In base 14, what is 17c - 225?
-87
In base 3, what is -20102122 + 222?
-20101200
In base 9, what is -3 +